 Give r(s).
-5
Let a(d) = -d**3 + 6*d**2 - 2*d + 6. Let z(m) = 6*m**2 - 2*m - 2. Let i be z(-1). Determine a(i).
-6
Let s(i) be the first derivative of -i**4/24 + i**3 - i**2 - 2. Let c(t) be the second derivative of s(t). Give c(6).
0
Let t(v) = -8*v + 9*v + 15 - 2. What is t(-9)?
4
Let z(c) = c - 1. Suppose 4*l - 4*s = s, 0 = -l - 4*s. Let h(r) = r + l*r + 0*r. Let b(f) = 2*h(f) - z(f). Give b(3).
4
Suppose c = 2*c - 3. Let i(x) = -x**2 - 3*x + 4. Let k be i(-3). Let f(z) = 0*z - 3*z - 3 + k + 3. What is f(c)?
-5
Let b(j) = -j - 3. Let q(y) = y**2 - 9*y - 2. Let x be q(9). Let w = x + -4. Calculate b(w).
3
Let w(n) be the second derivative of 0 - 2*n - 1/6*n**3 + 1/2*n**2 - 1/12*n**4. Let b(k) be the first derivative of w(k). Calculate b(-1).
1
Let w(r) be the third derivative of -r**6/120 - r**5/20 + r**4/24 - r**3/3 + r**2. Let y(l) = l**2 - 9*l - 13. Let u be y(10). What is w(u)?
-5
Suppose s - 22 = 3*s. Let p = s + 16. Let v(a) be the third derivative of -a**4/24 + 2*a**3/3 - a**2. Calculate v(p).
-1
Suppose 2*z = h - 2*z - 10, 10 = 3*h - 2*z. Let q(m) = -14*m**3 + h + 4*m**2 + m**2 - m + 13*m**3. Give q(5).
-3
Let y(a) = 0 - 1 - 5*a - a**2 + 0 + 3. Let g(l) = -l**3 + 5*l**2 - l. Let b be g(5). Let k be b/5*(0 - -5). Calculate y(k).
2
Let s(c) = -c**2 - 6*c + 1. Suppose 13*t = 6*t - 42. Give s(t).
1
Let n(r) = 13*r - 24*r + 0 + 8 + 9*r. Calculate n(6).
-4
Let o = 33 - 36. Let w(i) = 3*i + 3 - 2*i + 0*i. Give w(o).
0
Let a be -4*(-1)/(-2) + (-3 - -2). Let q(b) = -2*b - 7. Let l(d) = d + 6. Let n(w) = -3*l(w) - 2*q(w). Calculate n(a).
-7
Let k = 7 - -6. Let g(l) = -2*l**2 - 2. Let o(s) = -9*s**2 + 5. Let n(v) = 4*v**2 - 2. Let a(b) = 7*n(b) + 3*o(b). Let d(j) = k*a(j) + 6*g(j). Determine d(2).
5
Let a(j) be the second derivative of -j**5/10 - j**4/4 + j**3/6 + j**2 - 6*j. Suppose 14 = c - 4*i, 5*i + 10 = 5*c - 0*i. What is a(c)?
4
Let o(b) = 34*b - 3 - 10*b - 13*b - 9*b. What is o(5)?
7
Let r = 49 + -44. Let k(x) = 4*x + 7. Let z(l) = l. Let m(d) = k(d) - 5*z(d). Calculate m(r).
2
Let d(i) = i**2 - 3*i - 3. Let b(p) = p**3 - p - 1. Suppose 2*f = 2 + 2. Let u be b(f). Give d(u).
7
Let h be (-45)/(-5)*2/(-6). Let d(s) = -2*s**2 - 4*s. What is d(h)?
-6
Let l(w) be the first derivative of w**4/4 + 2. Let v be (-1)/4 - (-18)/(-24). What is l(v)?
-1
Suppose -3*g = 3*d - 6, 0 = -2*d + 4*g - 2*g + 12. Let v(f) = -2 + 0*f + 4*f - f + f**3 - d*f**2. What is v(3)?
-2
Suppose 15 = 5*h, -4*h = -c - 2*c - 24. Let v(t) = -2*t - 6. What is v(c)?
2
Let d = 7 + -4. Let x(g) = -g - d - g + g + 0*g. Give x(-3).
0
Let s(o) = 2*o - 7. Let t be s(7). Suppose -13 = 5*f + t. Let u(d) = -d**3 - 5*d**2 - 5*d + 2. Determine u(f).
6
Let z(a) be the first derivative of -a**3/3 + 7. What is z(-1)?
-1
Let t be (-17 - -17)*(1*2)/(-2). Let a(v) = -v**3 - 3. Calculate a(t).
-3
Let u(t) be the third derivative of 7/60*t**5 + 0*t**3 + t**2 + 1/24*t**4 + 0 + 0*t. What is u(1)?
8
Let x be (-2)/(-7) - 57/(-21). Let q(k) be the first derivative of k**2 + 0 - k + 4 - 4 + 4. Determine q(x).
5
Let s(p) be the first derivative of p**3/2 + 2*p**2 + p + 1. Let t(q) be the first derivative of s(q). Calculate t(-5).
-11
Let q = -8 + -1. Let o(g) = -g**3 - 9*g**2 + g + 7. Determine o(q).
-2
Suppose 7*s = -12 - 9. Let o(w) = w**2 - 2*w**2 + 4*w + 0*w - w**3 - 1. Calculate o(s).
5
Let g(z) = z**3 - 3*z**2 - 4*z + 2. Let n be g(4). Let c be 104/20 - n/10. Let w = -9 + c. Let s(k) = -k + 1. Give s(w).
5
Suppose -a + 4 = j + 2, -a = -j - 6. Let x(u) be the first derivative of 1/4*u**4 + 0*u**2 + 1 + 0*u**3 + 0*u. What is x(j)?
-8
Let d be (-1)/((-2)/16*2). Let m be (2/d)/1*0. Let t(q) = 33*q**2 + 2 + q**3 + 33*q**2 - 65*q**2. Calculate t(m).
2
Suppose 0 = -5*b - 5*i + 20 + 25, 2*i = 5*b - 24. Let u(v) be the first derivative of -v**3/3 + 3*v**2 + 4*v + 29. Calculate u(b).
4
Let v = 2 + 0. Let d(c) = -2*c**v + 2*c**2 + 0*c**2 - 8 + c**2 + 5*c. Give d(-6).
-2
Let l(w) be the second derivative of w**4/12 + w**3 + 22*w. Determine l(-5).
-5
Let w(q) = 2*q - 3 + 0*q + 4 + q. Determine w(-3).
-8
Suppose -6*w + w + 5 = 0. Let g(b) be the third derivative of b**4/24 + 15*b**2. What is g(w)?
1
Let y(m) = 1 - 2 - m + 10 + 3. What is y(5)?
7
Let o(k) = -k + 4. Suppose -3 = -4*q + q. Let f = q + -2. Let t be (f + 1)*(-4)/(-8). Calculate o(t).
4
Suppose 0*x - 3*x + 3 = 0. Let g(i) = -3*i - 2*i + 4*i + x. Let s = 5 + 0. Determine g(s).
-4
Let d(f) be the first derivative of f**3/3 + 2*f**2 - 8*f + 7. Calculate d(-6).
4
Suppose 20 = 4*x + n, -5*n = -5*x + 34 + 16. Suppose 0 = 4*u + 5*a - 21, x*u - 2*u - 2*a = -14. Let k(p) = -6*p**3 - 2*p**2 - 2*p - 1. Calculate k(u).
5
Let l(t) be the third derivative of t**4/12 - 4*t**3/3 + t**2. Let v(b) = -b - 7. Let x be v(-13). Give l(x).
4
Let k(s) = -5*s**2 + 4 - 7*s + 0 + 4*s**2. Let i be k(-7). Let w(d) = -5*d - 20. Let c(r) = r + 4. Let z(h) = 11*c(h) + 2*w(h). Give z(i).
8
Let d(r) = r + 2. Let q = 83 - 85. What is d(q)?
0
Let c(p) be the first derivative of 1 - 3*p + 1/3*p**3 - 2*p**2. Let w(g) = g**3 - 6*g**2 + 6*g - 1. Let x be w(5). Give c(x).
-3
Let z(f) = 3*f - 4. Let w be (-6)/(-5)*375/30. Suppose -w = -3*r - 0. What is z(r)?
11
Let s(q) = -q**3 + 3*q**2 + 2*q - 3. Let u(x) = x**2 + x. Let o(i) = -2*i. Let c be o(1). Let t be u(c). Give s(t).
5
Let r(d) = -3*d**2 - d + 1. Let v(u) = -u + 1. Let k be v(3). Determine r(k).
-9
Let p(q) = -q**2 + 2*q - 1. Let g(x) = -x + 3. Let u be g(0). What is p(u)?
-4
Suppose -7 = -4*d - 11. Let y be 8 + d*(0 - -4). Let p(j) = j**3 - 3*j**2 - 3*j - 5. Calculate p(y).
-1
Let o(z) = z**2 + 9*z + 6. Suppose -3*y - 2*y - 5*j = 30, 15 = -y + 2*j. Calculate o(y).
6
Let u(p) = p**3 + 4*p**2 - 4*p - 3. Let g(c) = -6*c**3 - 19*c**2 + 20*c + 16. Let v(t) = -2*g(t) - 11*u(t). Let a be ((-15)/6)/(2/(-4)). Calculate v(a).
-4
Let z = -18 - -21. Suppose z*x = 2*x + 4. Let g(q) = -q + 6. Determine g(x).
2
Let p(s) = 5*s**2 + 5*s - 35. Let h(r) = -r**2 - r + 7. Let x(f) = -11*h(f) - 2*p(f). Let q be (4/(-2))/(4/2). Let m be q/(-4) + (-4)/16. What is x(m)?
-7
Let v(f) be the first derivative of -f**2 + 5*f - 1. Suppose -2*p + 3*y - 8 = -3*p, p = 3*y + 2. Suppose -g = -3*k + 3*g + 24, -k - 11 = p*g. What is v(k)?
-3
Suppose i - 18 = 10. Suppose -i = -5*j - 3. Let h be j/(-3)*(3 - 6). Let r(f) = f**2 - 6*f + 6. Determine r(h).
1
Let u(y) = -3*y**3 - 6*y**2 - 5*y - 5. Let m(o) = -13*o**3 - 24*o**2 - 19*o - 21. Let v(b) = 2*m(b) - 9*u(b). Determine v(-5).
-7
Let y be 76/18 + 4/(-18). Suppose r - 5 = q, -3*q + 5*q + 18 = y*r. Let w(p) = -p + 4. Calculate w(r).
0
Let c(n) = -n**2 + 3*n + 2. Let l be c(4). Let w(f) = -5*f**2 + 5*f + 5. Let j(b) = -b**2 + b + 1. Let u(o) = -4*j(o) + w(o). Determine u(l).
-5
Let c(z) = z**2 - z - 1. Let b(a) = -2*a**2 - 6*a + 2. Let q(t) = b(t) + c(t). What is q(-6)?
7
Let c(a) = -13*a**2 + 6*a - 6. Suppose 5 = -3*g + 4*g. Let x(j) = j**2 - j + 1. Let r(n) = g*x(n) + c(n). Let f(o) = 17*o + 1. Let b be f(0). Give r(b).
-8
Let r(t) be the first derivative of t**3/3 - 5*t**2 - 5*t - 15. Give r(9).
-14
Let z = -9 - -8. Let y(s) be the third derivative of 3*s**6/40 + s**5/30 - s**3/6 - s**2. Give y(z).
-8
Let v(i) = 5*i - 3*i + 0 - 2. Let a = -5 - -5. Suppose a = 4*h - h + 9. Calculate v(h).
-8
Let z(m) = 107 - 107 - m - 7*m**2. Calculate z(-1).
-6
Let t be 5/2 + 1/(-2). Let r(h) = 4*h**2 - 4*h. Let p(w) = -w**2 + w. Let m(v) = 3*p(v) + r(v). Give m(t).
2
Let u(b) = -b + 34 - 33 + 0*b + b**2. What is u(2)?
3
Let s(l) = -l**3 - 8. Let r(o) = o**2 + 4*o + 4. Let v be r(-3). Let q = -1 + v. Give s(q).
-8
Suppose b = -0*b + 4, 5*m - 17 = 2*b. Let n(u) be the second derivative of u**3/3 - u**2 - 2*u. What is n(m)?
8
Let u be (-10)/2*(-6)/15. Let s(l) = 7*l**2 + 7. Let y(v) = -3*v**2 - 3. Let x(p) = u*s(p) + 5*y(p). Calculate x(-2).
-5
Let w(y) = -4 - 3*y - 9*y**2 - 2*y**3 + 0*y + 5*y**2 + 3*y**3. Let p be (6 - 1)/(1/1). Determine w(p).
6
Suppose -l + 0 = i - 1, 5*i + 13 = l. Let x = 3 + i. Let y(v) = -2*v - 6 + 3*v + v**2 + x. What is y(-4)?
7
Let z(x) = -8*x + 1 + 3*x + 0*x**2 + x**2. Give z(5).
1
Let y(d) be the second derivative of -3/2*d**2 + 1/6*d**3 + 1/12*d**4 + 0 + 4*d. What is y(3)?
9
Let g(l) = -l**2 - 4*l + 1. Suppose f - 6 = -1, 4*n - 5*f + 37 = 0. Let p be (-27)/15 + n/15. What is g(p)?
5
Let w(u) = 2*u**3 +